is the units digit of j?
1
Suppose -2*f + 2087 = -5*s, -3*s = -0*f - 2*f + 2089. What is the units digit of f?
6
Let f(r) = -3*r + 12. Let g be f(-6). Let j = -29 + g. Let b(w) = 65*w**3 + 2*w**2 - 2*w + 1. What is the tens digit of b(j)?
6
Let s(t) be the third derivative of -t**5/60 + 25*t**4/24 + 4*t**3/3 + 35*t**2. What is the units digit of s(19)?
2
Suppose 1395 = 4*n + 3*z + 94, -1307 = -4*n - 5*z. What is the units digit of 2/12 - (n/6)/(-1)?
4
Let w be (-206)/10 + (-14)/35. Let g = -16 - w. Suppose g*n - 201 - 19 = 0. What is the units digit of n?
4
What is the tens digit of (8 - 7)/(2/824)?
1
What is the tens digit of (-318210)/(-210) + 0 + 2/(-7)?
1
Let x(i) = 78*i + 141. What is the units digit of x(4)?
3
Let c be ((-8)/(-5))/((-3)/(-30)). Suppose 4*b - 4 = -c. Let j(q) = q**2 + q - 4. What is the units digit of j(b)?
2
Let y(v) be the third derivative of -v**6/60 - v**5/20 + 7*v**4/24 + 3*v**3/2 - 8*v**2. What is the units digit of y(-4)?
1
Suppose 0*j - 3*j - 24 = 0. Let f = j - -23. Let b = 15 + f. What is the tens digit of b?
3
Suppose 7*u + 4450 = 2*f + 2*u, -6675 = -3*f - 5*u. What is the units digit of f?
5
Let v be 183/12 + (-3)/(-4). Suppose 3*l = 5*l - v. Let d = l - -9. What is the tens digit of d?
1
Suppose 3*l - 2*l - 2*l = 0. Suppose l = 7*o - 3*o - 112. What is the units digit of o?
8
Let k be 2*(-1)/(-3) + (-3190)/(-30). Suppose -3*b = -6, 2*b - k = -3*v + b. What is the tens digit of v?
3
Let z(m) = 12*m**2 + 8*m - 14. What is the thousands digit of z(-13)?
1
What is the units digit of 6/(-18)*849*-3?
9
Let l(g) = -3*g**2 + 21*g + 2. Let v be l(13). Let u = 357 + v. What is the units digit of u?
5
Suppose -91*l - 17724 = -98*l. What is the hundreds digit of l?
5
Let t = -56 + -37. Let v = t - -141. What is the units digit of 3/(-1) + -4 + v?
1
Let k(q) = -13*q - 22. Let m be k(-9). Let y = -50 + m. What is the units digit of y?
5
Suppose 1070 = 2*l + y, 2*l - 5*y - 407 - 639 = 0. What is the units digit of l?
3
Let o(c) = -409*c - 161. What is the thousands digit of o(-6)?
2
Suppose 3*q + 137 = 2*c, q = 3*c - 2*q - 207. Let r(d) = d - 41. Let i be r(0). Let f = c + i. What is the tens digit of f?
2
Suppose 2*c - 6 = 2*q - 4*q, 25 = 3*q - 5*c. Suppose 0 = u - q*u - 208. Let k = -8 - u. What is the tens digit of k?
4
Let j be (3 + -8 + 3)*-7. Let u be 299/91 + (-4)/j. Suppose -u*b - 2*b = -325. What is the tens digit of b?
6
Let v = -35 - -83. Suppose g + g - v = 0. What is the tens digit of g?
2
Suppose 201*b - 5392 = 197*b. What is the tens digit of b?
4
Let g = 188 - 90. Let a = g + 12. What is the units digit of a?
0
Suppose 45*m + 11484 = 57*m. What is the tens digit of m?
5
Let a(d) be the first derivative of d**3/3 + 3*d**2/2 - 6*d - 31. What is the tens digit of a(-7)?
2
What is the units digit of 147/1 - (-1 + 7)?
1
Suppose -2*c = -8*c - 18. What is the units digit of (2 + 43)/(c/(-2))?
0
Let t = -28 + 15. Let a(k) = k**2 + 8*k - 35. What is the tens digit of a(t)?
3
Let z = 794 - 489. What is the units digit of z?
5
Suppose 10*k - 18*k = -40. Suppose -2*j - 941 = -5*g, -k*g + 943 = j - 2*j. What is the tens digit of g?
8
What is the units digit of (652988/224 - (-1)/(-8)) + -6?
9
Let n(l) = 2*l**2 + 4*l + 1. Let o be n(-3). Let j = 25 - o. Let k = j + -7. What is the units digit of k?
1
Let m(x) = 7*x**3 - 4*x**2 - 2*x + 37. What is the hundreds digit of m(7)?
2
Let m(l) = 26*l + 3. Let c(f) = f**3 - 7*f**2 - f + 9. Let r be c(7). What is the tens digit of m(r)?
5
Let l(n) = -51*n + 124. What is the hundreds digit of l(-22)?
2
Let c(a) = a**3 - 4*a**2 + 5*a - 3. Let p(v) = 1 + 0*v**3 + 2*v + 0 - 3*v - v**2 + 5*v**3. Let b be p(1). What is the units digit of c(b)?
7
Let n be (-5)/35 + (-652)/(-7). Suppose -v = -4*v + n. Suppose -4*p = -111 + v. What is the units digit of p?
0
Suppose 92339 = 26*u - 29367. What is the hundreds digit of u?
6
Let v = -14 + 22. Suppose -r - 3 = -v. Suppose r*l - 146 = 84. What is the tens digit of l?
4
Suppose -l = -0*l - 3. Suppose -3*m = -12, -l*j = -2*j - 5*m + 66. Let a = 90 + j. What is the tens digit of a?
4
Let k = 9 + -12. Let n be -3 + (-90)/(-1) - k. Suppose -5*u = 4*f - n, -43 = -4*u + f + 50. What is the tens digit of u?
2
Suppose -2*b + 2*k - 7*k + 18 = 0, -b + 4 = 5*k. Let s = b + -8. What is the units digit of s?
6
Let d(u) = -72*u - 32. What is the thousands digit of d(-16)?
1
Let t = 119 - -195. What is the units digit of t?
4
Let d(c) = c**3 + 6*c**2 + 9*c. Let x be d(-3). Suppose 2*s + 563 = 7*s - 2*z, x = 5*z - 5. What is the hundreds digit of s?
1
Let d = 131 - -488. What is the hundreds digit of d?
6
Let q(v) = 13*v + 281. What is the units digit of q(16)?
9
Let s(z) = -3*z - 22. Let n be s(-7). Let h(y) = 38*y**2 - 2*y - 1. What is the tens digit of h(n)?
3
Suppose 6*u = 11*u + 1370. What is the tens digit of (-1 + 4)*u/(-6)?
3
Let n(v) = v - 4. Let d(q) = q**3 + 3*q**2 - 3*q + 3. Let x be d(-3). Let l be n(x). Suppose -5*k + l = 3. What is the units digit of k?
1
Let x = 196 - -7. What is the tens digit of x?
0
Let z = -649 - -1600. What is the units digit of z?
1
Let u(h) = -6*h**3 + h**2 - 4*h - 1. Let r be (1 - 1 - -14)/2. Let a(s) = 5*s**3 + 3*s + 1. Let g(v) = r*a(v) + 6*u(v). What is the tens digit of g(5)?
1
Suppose 3*l + 18 = -9. Let t(v) = 9*v**2 - 24*v + 8*v + 1 + 5*v + 8*v + v**3. What is the tens digit of t(l)?
2
Let q(v) = -2*v**2 + 52*v - 1. Let b be q(26). Let h(r) = -124*r**3 - 2*r**2 + r + 3. What is the units digit of h(b)?
4
Let n be ((-30)/8)/(6/176). Let q = n - -162. What is the tens digit of q?
5
Suppose 582 = p - 606. What is the hundreds digit of p?
1
Let z be 136/48 + (-2)/(-12). Let u(y) = 3*y - z*y**2 + 2 - y**3 + 0*y**2 + 5*y**2. What is the tens digit of u(-3)?
3
Suppose 0 = 4*x - 95 - 13. Let q = 38 + 4. Let v = x + q. What is the units digit of v?
9
Suppose -4*i + y + 1000 = 0, -2*i - y = 3*i - 1250. What is the hundreds digit of i?
2
Let c be (54/(-15))/((-4)/10). What is the units digit of (-102)/18*c/(-3)?
7
Let n = 7198 + -4726. What is the tens digit of n?
7
Let h = 13 + 7. Let g = -28 + h. What is the tens digit of (-278)/g - 15/(-60)?
3
Suppose -3*h - 2 = -o, 4 = 5*o + h - 38. Suppose 0 = -6*j + o*j - 32. What is the tens digit of 10 + -14 + j*2?
2
Let o be 1/(1/12*3). Suppose -2*w = 2*n - 523 - 265, 2*n = -o*w + 1586. Suppose 6*m + m = w. What is the tens digit of m?
5
Suppose m - 7*g + 4*g = 752, -2*m - g = -1483. What is the tens digit of m?
4
Suppose -d + 80 = f - 22, 4*f = -d + 423. What is the units digit of f?
7
Suppose -3*j + 95 = -2*j. Suppose -135*v = -127*v - 728. Suppose h + v = 2*k + k, 3*k - j = 5*h. What is the units digit of k?
0
Suppose -4*d + 6*d + 214 = 0. What is the units digit of (-11 + d)*(-2)/4?
9
Suppose 5*b - 11 + 1 = 0. Suppose -3*g = b*g + 95. Let w = 39 + g. What is the tens digit of w?
2
Let l = -8856 + 14385. What is the hundreds digit of l?
5
Let k(b) = 26*b**2 - 27. What is the tens digit of k(-8)?
3
Let b(w) = 3*w**2 - 17*w - 10. Let z(x) = -x**2 + 6*x + 3. Suppose 23 = 5*i + 3. Let o(y) = i*b(y) + 11*z(y). What is the units digit of o(7)?
8
Let u(i) = 8*i**2 - 8*i + 9. Suppose 3 = 4*d - 5*v + 7, -3*d - 2*v + 20 = 0. What is the hundreds digit of u(d)?
1
Let n(g) = 8*g - g**2 + 6*g - 7*g - 5. Let t be n(5). Suppose -t*m + 265 = -0*m. What is the tens digit of m?
5
Suppose 3*a + 504 = 3*l, 8*l = 4*l - 2*a + 660. What is the units digit of l?
6
Let u be (((-8)/(-6))/2)/((-18)/(-405)). Let b(g) be the first derivative of g**2/2 + 15*g - 1. What is the units digit of b(u)?
0
Let f(v) = -20*v**2 + 4*v + 6. Let k(l) = 10*l**2 - 2*l - 3. Let u(o) = -3*f(o) - 5*k(o). Let y = -74 + 72. What is the tens digit of u(y)?
4
Let k be (-44 + 8)*(-1)/3. Suppose -13*x + 173 = -k*x. Suppose -4*g = 2*j - 4*j + 64, 0 = 5*j + 3*g - x. What is the units digit of j?
4
Suppose 2*d - 4 + 12 = -2*p, -p + 8 = -3*d. Let x be (-11)/d + (-2)/3. What is the tens digit of 0 + 20 + -3 + x?
2
What is the hundreds digit of 5 + 301 + (-6 - (0 - 4))?
3
Suppose 9*a = -b + 10*a - 14, 4*b + 28 = -3*a. Let y(c) = c. Let g(s) = 2*s**2 + 13*s - 13. Let f(l) = g(l) + 3*y(l). What is the tens digit of f(b)?
2
Let r(h) = -7*h**3 - h**2 + h. Let f(v) = -v**3 - 7*v**2 - 6*v + 1. Let j be f(-6). Let x be r(j). Let m(s) = -s + 4.